osite?
True
Is 36433 a prime number?
True
Is 1061 prime?
True
Is 250307 a composite number?
False
Is 1725769 prime?
False
Is 41729 prime?
True
Is 6193 composite?
True
Is 6907 composite?
False
Is 15685 composite?
True
Is 10637 composite?
True
Is 17159 composite?
False
Is 16843 composite?
False
Is 72074 prime?
False
Is 81793 a composite number?
True
Is 132817 composite?
False
Is 250103 a composite number?
True
Is 7769 composite?
True
Is 68451 composite?
True
Is 337207 composite?
True
Is 15839 a composite number?
True
Is 333061 a prime number?
False
Is 341143 a prime number?
False
Is 60469 prime?
False
Is 464819 composite?
False
Is 7820231 prime?
True
Is 1961 prime?
False
Is 85751 a composite number?
False
Is 325133 prime?
True
Is 319297 prime?
False
Is 36671 a prime number?
True
Is 5501 a composite number?
False
Is 49187 composite?
True
Is 963211 prime?
True
Is 22469 a prime number?
True
Is 31397 a prime number?
True
Is 91513 a composite number?
False
Is 38497 composite?
True
Is 53987 a composite number?
False
Is 608977 a prime number?
True
Is 45943 a composite number?
False
Is 44441 prime?
False
Is 76181 a composite number?
True
Is 916873 prime?
False
Is 15679 prime?
True
Is 36681 a composite number?
True
Is 29701 composite?
True
Is 312451 prime?
True
Is 781759 prime?
False
Is 5583 a composite number?
True
Is 2411219 a composite number?
False
Is 129993 a prime number?
False
Is 318443 a prime number?
True
Is 1179806 a prime number?
False
Is 3677 a prime number?
True
Is 8923 prime?
True
Is 165079 prime?
True
Is 2036509 composite?
True
Is 929 composite?
False
Is 9871 composite?
False
Is 25457 prime?
True
Is 84887 composite?
True
Is 2018 prime?
False
Is 199 a composite number?
False
Is 589807 prime?
True
Is 300171 a prime number?
False
Is 743 a composite number?
False
Is 264559 a composite number?
False
Is 107197 prime?
True
Is 18301 composite?
False
Is 34019 a prime number?
True
Is 12013 a prime number?
False
Is 8431 a prime number?
True
Is 560393 prime?
True
Is 905 a prime number?
False
Is 244519 a composite number?
True
Is 23619 a prime number?
False
Is 3407 a composite number?
False
Is 8947 a prime number?
False
Is 5079 composite?
True
Is 50989 composite?
False
Is 84913 a composite number?
False
Is 20477 composite?
False
Is 41077 a composite number?
False
Is 63881 composite?
True
Is 26153 a composite number?
False
Is 3791 a prime number?
False
Is 4012462 prime?
False
Is 7265 a prime number?
False
Is 16001 a prime number?
True
Is 23407 a composite number?
True
Is 19289 composite?
False
Is 7003 composite?
True
Is 56818 a composite number?
True
Is 9253 a composite number?
True
Is 8851 composite?
True
Is 224701 a prime number?
False
Is 5878 prime?
False
Is 153191 prime?
True
Is 2329453 a composite number?
True
Is 11057 composite?
False
Is 33351 a composite number?
True
Is 222707 prime?
True
Is 1298851 a prime number?
False
Is 1159127 prime?
True
Is 1537 a composite number?
True
Is 4664321 prime?
True
Is 633 prime?
False
Is 33513 a prime number?
False
Is 34642 a composite number?
True
Is 6218 composite?
True
Is 671 a composite number?
True
Is 64829 prime?
False
Is 1626595 prime?
False
Is 3989 prime?
True
Is 365201 composite?
False
Is 163517 a prime number?
True
Is 306727 a composite number?
False
Is 15689 a composite number?
True
Is 1213162 a composite number?
True
Is 736399 a composite number?
False
Is 2159419 a composite number?
False
Is 1077733 a composite number?
False
Is 910205 a composite number?
True
Is 4705 prime?
False
Is 24151 composite?
False
Is 39965 prime?
False
Is 34387 a composite number?
True
Is 1606799 composite?
True
Is 6979 prime?
False
Is 10641 composite?
True
Is 254329 a composite number?
False
Is 8941 a composite number?
False
Is 289 a composite number?
True
Is 231409 prime?
True
Is 2959 composite?
True
Is 107309 composite?
False
Is 23603 prime?
True
Is 259589 a prime number?
False
Is 6197 prime?
True
Is 6613 a prime number?
False
Is 1389973 a prime number?
False
Is 19631 composite?
True
Is 1595267 composite?
False
Is 3437 a composite number?
True
Is 6241 prime?
False
Is 57797 a prime number?
False
Is 60535 prime?
False
Is 478523 a prime number?
True
Is 3407 prime?
True
Is 38993 a composite number?
False
Is 13193 a composite number?
True
Is 23486 a composite number?
True
Is 202298 a prime number?
False
Is 227927 composite?
True
Is 149 a prime number?
True
Is 1526321 prime?
True
Is 2299697 a prime number?
True
Is 16249 prime?
True
Is 21763 a prime number?
False
Is 68473 a prime number?
True
Is 1156949 prime?
True
Is 3974 a composite number?
True
Is 7603 composite?
False
Is 68345 prime?
False
Is 202823 composite?
False
Is 119057 prime?
True
Is 180337 composite?
False
Is 722279 a composite number?
True
Is 819367 composite?
False
Is 1461913 a prime number?
True
Is 5879 prime?
True
Is 563573 composite?
True
Is 99445 prime?
False
Is 83537 a prime number?
True
Is 3803 a composite number?
False
Is 269747 prime?
False
Is 134867 prime?
True
Is 2581 composite?
True
Is 407 prime?
False
Is 1050029 a composite number?
True
Is 19697 prime?
True
Is 45035 a prime number?
False
Is 57917 a composite number?
False
Is 197495 a composite number?
True
Is 3593 prime?
True
Is 1239211 a prime number?
False
Is 426011 a composite number?
False
Is 14501 composite?
True
Is 11337 a composite number?
True
Is 286859 prime?
True
Is 2437 prime?
True
Is 185159 a composite number?
True
Is 14029 a prime number?
True
Is 294617 prime?
False
Is 32345 a composite number?
True
Is 92509 a prime number?
False
Is 1847 a composite number?
False
Is 710261 a composite number?
False
Is 38897 a composite number?
True
Is 774661 composite?
False
Is 4159 a composite number?
False
Is 7323 prime?
False
Is 6491 a prime number?
True
Is 73973 a prime number?
True
Is 635 composite?
True
Is 233867 a prime number?
False
Is 4105 a composite number?
True
Is 1421867 composite?
False
Is 2237 composite?
False
Is 146201 a prime number?
False
Is 35671 composite?
False
Is 62639 a prime number?
True
Is 428471 a prime number?
True
Is 14137 a composite number?
True
Is 2435 a prime number?
False
Is 43711 a composite number?
False
Is 77663 a composite number?
True
Is 419863 a composite number?
True
Is 127363 a prime number?
True
Is 8009 composite?
False
Is 2679667 composite?
False
Is 5557 a prime number?
True
Is 52009 prime?
True
Is 312349 prime?
True
Is 13453 composite?
True
Is 13217 a prime number?
True
Is 4341 prime?
False
Is 5929817 a prime number?
True
Is 719743 prime?
False
Is 102521 a composite number?
True
Is 590983 a prime number?
True
Is 194179 a prime number?
True
Is 393451 composite?
False
Is 92255 a composite number?
True
Is 1753 prime?
True
Is 20518 prime?
False
Is 22343 prime?
True
Is 16871 a prime number?
True
Is 14277 a prime number?
False
Is 3595 prime?
False
Is 889 prime?
False
Is 7123 composite?
True
Is 67391 a prime number?
True
Is 159223 a prime number?
True
Is 6991 a composite number?
False
Is 1386139 a composite number?
False
Is 157393 a composite number?
False
Is 8223 composite?
True
Is 830777 a prime number?
True
Is 31619 composite?
True
Is 370351 composite?
True
Is 134599 a composite number?
True
Is 1293 a composite number?
True
Is 7321 composite?
False
Is 288871 composite?
True
Is 57481 composite?
True
Is 19693 prime?
False
Is 14969 a composite number?
False
Is 527149 composite?
True
Is 62623 a composite number?
True
Is 1441037 a composite number?
True
Is 1897321 a composite number?
True
Is 715019 a prime number?
True
Is 2053 prime?
True
Is 27502 a composite number?
True
Is 95591 a composite number?
True
Is 500729 a prime number?
True
Is 1409 a prime number?
True
Is 304847 prime?
True
Is 4621 composite?
False
Is 2572927 a composite number?
True
Is 89 composite?
False
Is 139793 prime?
False
Is 3308203 composite?
False
Is 18853 prime?
False
Is 393847 a prime number?
True
Is 8093 composite?
False
Is 20017 a composite number?
True
Is 25577 a composite number?
False
Is 88106 a prime number?
False
Is 327703 a prime number?
False
Is 24193 a prime number?
False
Is 21095 a composite number?
True
Is 145753 composite?
False
Is 37243 prime?
True
Is 1090977 prime?
False
Is 164911 a composite number?
False
Is 102343 prime?
False
Is 115399 composite?
False
Is 546229 composite?
True
I